ase 12, what is -65 - -2?
-63
In base 11, what is -13 + -4?
-17
In base 5, what is -100020 - 10?
-100030
In base 5, what is -2 - 22?
-24
In base 11, what is -113 - -1?
-112
In base 14, what is -28 + -43?
-6b
In base 8, what is -4705 + -1?
-4706
In base 11, what is 166 + 7?
172
In base 4, what is -31 + -10332?
-11023
In base 14, what is -2 + -65?
-67
In base 9, what is -1285 + 3?
-1282
In base 14, what is -aa - -1?
-a9
In base 11, what is a6a + 4?
a73
In base 3, what is 121120 + 21?
121211
In base 13, what is 9 - 1?
8
In base 5, what is 214 - -223?
442
In base 15, what is -3 + -2d?
-31
In base 3, what is -20 + -10?
-100
In base 13, what is -5 - ca?
-102
In base 7, what is 121 + 13?
134
In base 5, what is -2 - -1202?
1200
In base 2, what is -100 + -11101000010?
-11101000110
In base 13, what is 5 - -53?
58
In base 3, what is 102 - -20202?
21011
In base 15, what is 30 - ca?
-9a
In base 6, what is 2155 + -2?
2153
In base 13, what is 0 - -162?
162
In base 6, what is 1 + 14040?
14041
In base 5, what is 24 + 1?
30
In base 13, what is 53 - -28?
7b
In base 14, what is -1 + -33?
-34
In base 9, what is 5145 - 2?
5143
In base 7, what is -3 + -6?
-12
In base 15, what is 146 - 0?
146
In base 2, what is -11 + -10001100110?
-10001101001
In base 2, what is 1101111111 + 11?
1110000010
In base 11, what is -2 + -18?
-1a
In base 7, what is -4 - -4625?
4621
In base 9, what is -75 + 8?
-66
In base 12, what is 2 + 13aa?
13b0
In base 14, what is -3c0 + -7?
-3c7
In base 2, what is 1000 - 10011100?
-10010100
In base 10, what is -35 + -120?
-155
In base 9, what is 4 + -113?
-108
In base 4, what is 0 - 30?
-30
In base 15, what is 2 + 24b?
24d
In base 7, what is 2406 - 6?
2400
In base 2, what is 100 - 101011000?
-101010100
In base 6, what is -52 - -11?
-41
In base 15, what is 33ca + -3?
33c7
In base 12, what is -3 + 69b?
698
In base 11, what is -68 + -5?
-72
In base 16, what is 8 + 1?
9
In base 6, what is -2 + -20?
-22
In base 15, what is -1d + 8?
-15
In base 11, what is 21 + 30?
51
In base 2, what is 100 - 1001100?
-1001000
In base 9, what is 200 + 2?
202
In base 9, what is 5 + 307?
313
In base 3, what is 2 + 102?
111
In base 2, what is 101 - 100011?
-11110
In base 6, what is 40 + -3?
33
In base 4, what is 20102 - 1?
20101
In base 10, what is -51 + 0?
-51
In base 10, what is 1338 - 3?
1335
In base 6, what is -342 - 5?
-351
In base 9, what is -65 - 3?
-68
In base 11, what is -190 - -11?
-17a
In base 12, what is 2 - 101?
-bb
In base 14, what is 1 + 2a2?
2a3
In base 14, what is 13 - -89?
9c
In base 7, what is -431 + -14?
-445
In base 2, what is 1011000 - -1?
1011001
In base 6, what is 5 - -1420?
1425
In base 11, what is -1183 + -3?
-1186
In base 10, what is 1001 - -5?
1006
In base 11, what is -189 + -4?
-192
In base 16, what is -12c + 5?
-127
In base 7, what is 3565 + 5?
3603
In base 3, what is -200110 - 0?
-200110
In base 7, what is -10 + 123?
113
In base 7, what is -1 - -2462?
2461
In base 8, what is 2713 - -1?
2714
In base 3, what is -10 + 2121?
2111
In base 10, what is -2 + -1167?
-1169
In base 12, what is -279 - -1?
-278
In base 3, what is -10 + -2101?
-2111
In base 7, what is 55 - -35?
123
In base 2, what is 10 + -1111001010?
-1111001000
In base 14, what is -2 + 6?
4
In base 16, what is -3 - -7d6?
7d3
In base 13, what is 5 - -2?
7
In base 9, what is 1865 - 6?
1858
In base 10, what is -21 + -66?
-87
In base 8, what is 7 - -103?
112
In base 7, what is 36 - 31?
5
In base 14, what is -13 - 0?
-13
In base 15, what is -28d + 5?
-288
In base 16, what is -e7 + -6?
-ed
In base 5, what is 33014 - -24?
33043
In base 7, what is -54 - 6?
-63
In base 4, what is -21 - 230203?
-230230
In base 16, what is 4 - -1cb5?
1cb9
In base 10, what is 15 - 6?
9
In base 14, what is 12 - -6?
18
In base 15, what is -1 + -c2?
-c3
In base 6, what is -213303 - 1?
-213304
In base 12, what is -401 + 9?
-3b4
In base 15, what is a1d + 2?
a20
In base 10, what is 38 - -122?
160
In base 6, what is 22 - -1421?
1443
In base 13, what is 37 + 10?
47
In base 14, what is 730 + -5?
729
In base 7, what is 10 - -101?
111
In base 16, what is 1d - -10?
2d
In base 3, what is 11 - 20022220?
-20022202
In base 10, what is 7 - -36?
43
In base 9, what is -6 - -3?
-3
In base 16, what is e1 + -a?
d7
In base 15, what is 0 - e8?
-e8
In base 5, what is -12 + -13304?
-13321
In base 2, what is -110001010 - 1?
-110001011
In base 14, what is 2 - 30?
-2c
In base 16, what is -4 + -14?
-18
In base 12, what is 6a2 + 3?
6a5
In base 13, what is 13 + -8?
8
In base 5, what is 3 + -402?
-344
In base 15, what is 6 + 56?
5c
In base 5, what is -121 + -133?
-304
In base 5, what is 1112 + -1131?
-14
In base 9, what is -501 - -6?
-484
In base 3, what is -11 - -210221?
210210
In base 15, what is 1 + 88?
89
In base 11, what is -2 - -3a66?
3a64
In base 5, what is 2102 + 203?
2310
In base 8, what is 5 + -506?
-501
In base 4, what is 21000 + -3?
20331
In base 6, what is 2 - 10511?
-10505
In base 3, what is -10001 - -110?
-2121
In base 15, what is -8797 + 3?
-8794
In base 14, what is -3 + 4?
1
In base 13, what is -7 - 2?
-9
In base 3, what is 1022000010 + -2?
1022000001
In base 6, what is -1253 + -12?
-1305
In base 4, what is -11 + -1021?
-1032
In base 6, what is -2 - -52?
50
In base 3, what is 11 + -21002?
-20221
In base 8, what is -7 - 264?
-273
In base 10, what is 28574 - 1?
28573
In base 15, what is -1ed + b?
-1e2
In base 12, what is 3 - 103?
-100
In base 13, what is -11a + 16?
-104
In base 6, what is -1 + 14?
13
In base 11, what is 1 - -22?
23
In base 6, what is -10132 - 3?
-10135
In base 4, what is 10320 + 102?
11022
In base 6, what is 2 - 1005?
-1003
In base 14, what is 4 + 73?
77
In base 12, what is -43 - 2?
-45
In base 14, what is -8 - -59c?
594
In base 10, what is 2664 - -3?
2667
In base 2, what is 110010001 + -1?
110010000
In base 11, what is -14 + -124?
-138
In base 8, what is 4730 - 4?
4724
In base 6, what is 1 - 302?
-301
In base 13, what is b41 + 5?
b46
In base 8, what is 2053 - -4?
2057
In base 14, what is a + 242?
24c
In base 6, what is 10050 + 4?
10054
In base 9, what is 0 - -58?
58
In base 10, what is 5 - -5?
10
In base 4, what is -120 - -121?
1
In base 4, what is -3 + -312?
-321
In base 14, what is 17 - -80?
97
In base 8, what is 622 + 5?
627
In base 7, what is -140232 - -2?
-140230
In base 16, what is -7 - -81?
7a
In base 13, what is -27 + -11c?
-146
In base 6, what is -3 + 253?
250
In base 3, what is 12 + 100110?
100122
In base 8, what is 22200 + 0?
22200
In base 8, what is -6 - -5071?
5063
In base 12, what is -8a - a?
-98
In base 8, what is -415 - -4?
-411
In base 9, what is 2 - 534?
-532
In base 15, what is -8 - 2?
-a
In base 2, what is 10100 + -110100?
-100000
In base 15, what is c8 + 6?
ce
In base 10, what is 2403 + -1?
2402
In base 6, what is 3 + -31?
-24
In base 16, what is -c + -d9?
-e5
In base 15, what is -13e - 3e?
-17d
In base 5, what is 10 + -21?
-11
In base 13, what is 8 - -11?
19
In base 15, what is -2c + -1?
-2d
In base 12, what is 0 - 196?
-196
In base 10, what is 4 + -3775?
-3771
In base 10, what is -1239 - 16?
-1255
In base 8, what is -4 + -172?
-176
In base 12, what is -63 - -80?
19
In base 2, what is -10 - 110100?
-110110
In base 14, what is 2 - 43?
-41
In base 10, what is 6 - -55?
61
In base 5, what is 1310 - -2?
1312
In base 9, what is -54 + -2?
-56
In base 15, what is -e - -89?
7a
In base 11, what is -4 + -71?
-75
In base 12, what is -4 + -1145?
-1149
In base 2, what is 1 - 100100?
-100011
In base 11, what is -a - 20?
-2a
In base 5, what is 14 - 2?
12
In base 14, what is 13 - -7d?
92
In base 13, what is -4 + 13?
c
In base 9, what is 40 + -2?
37
In base 4, what is 12332 + -11?
12321
In base 10, what is -40 - -2?
-38
In base 6, what is -3 - -45?
42
In base 8, what is -175 - 42?
-237
In base 4, what is -2332 - 2?
-3000
In base 16, what is -184 - -5?
-17f
In base 15, what is 368 - -4?
36c
In base 6, what is 524 + -5?
515
In base 16, what is f2 - -2?
f4
In base 7, what is 446 - -24?
503
In base 6, what is 0 - -5?
5
In base 9, what is -4 - -257?
253
In base 11, what is -68 + 13?
-55
In base 8, what is -266103 - 2?
-266105
In base 5, what is -432 + -4?
-441
In base 7, what is 1012 - 10?
1002
In base 15, what is -2e1 + 1?
-2e0
In base 5, what is 21122 + 1?
21123
In base 8, what is 47 + -5?
42
In base 2, what is -110